227 a multiple of 4?
False
Is 9 a factor of 78845264?
False
Is 1292 a factor of 56882884?
True
Does 84 divide 252312900?
True
Does 3 divide 10357115?
False
Is 41260932 a multiple of 18?
True
Is 992259856 a multiple of 17?
False
Is 80784328 a multiple of 32?
False
Does 1227 divide 13171972?
False
Is 463178034 a multiple of 12?
False
Is 88184127 a multiple of 725?
False
Is 608 a factor of 64902173?
False
Does 13 divide 93327479?
False
Is 62370657 a multiple of 2?
False
Is 7463486899 a multiple of 11?
True
Is 142698247 a multiple of 12?
False
Does 44 divide 109208?
True
Is 8107629 a multiple of 38?
False
Is 39 a factor of 1880983689?
True
Is 291942605 a multiple of 6?
False
Is 29 a factor of 12732566?
True
Is 847 a factor of 21688282?
True
Does 1950 divide 1207150599?
False
Does 15 divide 7878525?
True
Is 339923257 a multiple of 20?
False
Is 404076816 a multiple of 3861?
True
Is 22208920 a multiple of 69?
False
Is 77861561 a multiple of 24?
False
Is 54 a factor of 3605541491?
False
Is 13 a factor of 102124331?
False
Does 2137 divide 781427819?
False
Does 45 divide 91858455?
True
Is 12 a factor of 50401832?
False
Does 35 divide 4598126664?
False
Is 102283300 a multiple of 13?
False
Does 337 divide 121829645?
False
Is 2063 a factor of 325207194?
True
Is 122133895 a multiple of 793?
True
Is 30 a factor of 6742650?
True
Is 10 a factor of 1844182814?
False
Is 254 a factor of 80260190?
True
Does 329 divide 59777655?
True
Is 156 a factor of 321963713?
False
Does 935 divide 249437181?
False
Does 182 divide 20128472?
True
Does 42 divide 645834?
True
Is 13 a factor of 1248060808?
False
Does 19 divide 64638606?
False
Is 1383 a factor of 1083823895?
False
Is 180 a factor of 216654269?
False
Does 29 divide 309931976?
False
Is 19231542 a multiple of 759?
True
Does 3504 divide 1659834288?
True
Does 1430 divide 27769170?
True
Is 555297950 a multiple of 2350?
True
Is 10 a factor of 184899330?
True
Is 3 a factor of 30104770?
False
Does 912 divide 26692652?
False
Is 84051652 a multiple of 410?
False
Is 68 a factor of 94778521?
False
Is 1665322605 a multiple of 27?
True
Is 1141 a factor of 18054470?
False
Does 337 divide 50560293?
False
Is 4153221 a multiple of 63?
False
Is 796 a factor of 106633997?
False
Is 3595155 a multiple of 15?
True
Does 33 divide 6303209428?
False
Is 184 a factor of 905490496?
True
Is 10358048 a multiple of 194?
True
Is 3 a factor of 7258229?
False
Is 813 a factor of 7214562?
True
Is 532909830 a multiple of 59?
True
Is 230 a factor of 25689168?
False
Is 61 a factor of 59142598?
False
Does 13 divide 4864155389?
False
Is 6690218985 a multiple of 1315?
True
Is 35604900 a multiple of 2157?
False
Is 943 a factor of 304484591?
False
Is 27348917 a multiple of 437?
False
Does 190 divide 365108180?
True
Does 244 divide 16847464?
False
Is 97 a factor of 865817859?
False
Is 53 a factor of 1432063551?
True
Does 756 divide 183101835?
False
Is 151225011 a multiple of 16?
False
Does 27 divide 32200443?
True
Is 1432 a factor of 26440448?
True
Does 1129 divide 719296061?
True
Is 16308708 a multiple of 156?
True
Is 2 a factor of 11828925?
False
Does 1115 divide 197040364?
False
Is 2784892211 a multiple of 12?
False
Does 88 divide 10474692?
False
Does 4 divide 55008154?
False
Is 8576 a factor of 665549056?
True
Does 650 divide 22684833?
False
Is 2618623485 a multiple of 621?
True
Does 165 divide 28582785?
True
Does 50 divide 361706431?
False
Is 5515 a factor of 3761426006?
False
Is 714 a factor of 328997?
False
Is 32 a factor of 845018720?
True
Is 123483691 a multiple of 619?
True
Does 393 divide 83315607?
True
Is 29 a factor of 4850419?
False
Is 2930 a factor of 749485210?
True
Is 409106556 a multiple of 4302?
False
Does 5606 divide 1365386148?
True
Is 2698 a factor of 3282737151?
False
Is 12 a factor of 52894692?
True
Is 878 a factor of 330102659?
False
Is 6090 a factor of 2567789000?
False
Is 81 a factor of 93737481?
False
Is 352302654 a multiple of 66?
True
Is 13 a factor of 94026374?
True
Does 8 divide 1380344056?
True
Does 128 divide 37294954?
False
Does 113 divide 11402830?
True
Is 392334559 a multiple of 431?
True
Is 12193404 a multiple of 46?
True
Does 1719 divide 16349409?
True
Is 11908874 a multiple of 2?
True
Does 5 divide 1619500815?
True
Does 19 divide 2251236146?
False
Is 29704920 a multiple of 210?
True
Is 10 a factor of 54773925?
False
Is 4 a factor of 369324921?
False
Is 12 a factor of 1583604341?
False
Does 14 divide 622581495?
False
Is 245 a factor of 16556610?
True
Does 600 divide 37782600?
True
Is 208 a factor of 46954128?
True
Is 2147 a factor of 819700983?
True
Does 138 divide 56254390?
False
Does 10 divide 52436489?
False
Does 5 divide 2907360?
True
Does 1078 divide 42382648?
True
Is 4440 a factor of 102654200?
False
Does 3 divide 926307171?
True
Is 110 a factor of 43828903?
False
Is 164950098 a multiple of 318?
True
Is 84802286 a multiple of 132?
False
Is 97275480 a multiple of 411?
True
Does 67 divide 113449090?
True
Does 267 divide 19235575?
False
Is 25123227 a multiple of 4?
False
Does 5199 divide 224056625?
False
Is 1152382355 a multiple of 23?
False
Does 5158 divide 7221200?
True
Is 2235 a factor of 47973748?
False
Is 217 a factor of 624823?
False
Does 6 divide 13329954?
True
Is 574091056 a multiple of 380?
False
Is 406 a factor of 17063596?
False
Is 21108527 a multiple of 705?
False
Is 378070753 even?
False
Is 180858815 a multiple of 19?
True
Is 36878268 a multiple of 94?
True
Is 18 a factor of 19161882?
True
Does 211 divide 78671174?
False
Is 18 a factor of 104559299?
False
Is 428 a factor of 47906427?
False
Does 35 divide 4279454?
False
Is 35864598 a multiple of 1413?
False
Is 229 a factor of 1221494404?
False
Is 48257 a multiple of 14?
False
Is 438434143 a multiple of 15?
False
Is 3168392780 a multiple of 20?
True
Does 568 divide 31573416?
True
Does 2616 divide 642921240?
True
Is 913266049 a multiple of 36?
False
Is 381561480 a multiple of 120?
True
Does 225 divide 32638826?
False
Is 1772 a factor of 230393529?
False
Is 737 a factor of 833023558?
False
Does 49 divide 23103668?
False
Is 34 a factor of 146008410?
True
Is 355612155 a multiple of 180?
False
Does 680 divide 34316854?
False
Does 1672 divide 6112832?
True
Is 19 a factor of 96960040?
True
Does 664 divide 1613725176?
True
Is 22527290 a multiple of 157?
False
Is 131930976 a multiple of 6?
True
Is 5 a factor of 7703020?
True
Does 118 divide 515424826?
True
Is 1216 a factor of 25610176?
True
Is 252125315 a multiple of 887?
True
Is 107 a factor of 9857549?
False
Is 215 a factor of 12795303?
False
Is 8635 a factor of 1188688870?
False
Does 1675 divide 43578330?
False
Is 11 a factor of 77675381?
False
Is 1516 a factor of 99487883?
False
Is 75 a factor of 22465576?
False
Does 14 divide 57956108?
True
Is 42961157 a multiple of 800?
False
Does 22 divide 106069502?
True
Is 592018752 a multiple of 78?
True
Is 307 a factor of 56997306?
False
Does 2096 divide 6153856?
True
Does 449 divide 104166653?
True
Is 67 a factor of 1510732298?
False
Is 44678818 a multiple of 2627?
False
Is 1537 a factor of 110745461?
True
Is 16996608 a multiple of 144?
True
Does 12 divide 49934640?
True
Is 3697 a factor of 948358137?
True
Is 14976916 a multiple of 188?
False
Is 96488225 a multiple of 7?
False
Is 14208698 a multiple of 933?
False
Is 1502 a factor of 2864617404?
True
Is 180 a factor of 43578180?
True
Is 586026554 a multiple of 13?
False
Is 329157999 a multiple of 9?
True
Is 891 a factor of 118529730?
True
Is 550 a factor of 29650500?
True
Does 361 divide 276450305?
False
Does 233 divide 163327956?
False
Is 2895070 a multiple of 192?
False
Does 24 divide 193601932?
False
Is 474 a factor of 191023162?
False
Does 20 divide 1031496007?
False
Is 3072644130 a multiple of 10?
True
Does 335 divide 1106872919?
False
Is 1980170 a multiple of 623?
False
Is 982 a factor of 90853107?
False
Is 21456791 a multiple of 5?
False
Is 1663616 a multiple of 433?
False
Is 1038 a factor of 541806624?
False
Is 5 a factor of 209368?
False
Does 29 divide 43037276?
True
Is 803354706 a multiple of 11?
True
Is 111 a factor of 12213330?
True
Is 820 a factor of 198222675?
False
Is 215227155 a multiple of 209?
True
Does 129 divide 4544283?
True
Does 1813 divide 4156559?
False
Is 133 a factor of 40218934?
True
Is 1405317